nder when 1020 is divided by 33.
30
Calculate the remainder when 908 is divided by 58.
38
Calculate the remainder when 346 is divided by 10.
6
Calculate the remainder when 192 is divided by 103.
89
Calculate the remainder when 574 is divided by 61.
25
Calculate the remainder when 512 is divided by 87.
77
What is the remainder when 21309 is divided by 288?
285
What is the remainder when 300 is divided by 16?
12
What is the remainder when 1409 is divided by 264?
89
What is the remainder when 139 is divided by 16?
11
What is the remainder when 306 is divided by 114?
78
What is the remainder when 6029 is divided by 201?
200
What is the remainder when 176 is divided by 46?
38
What is the remainder when 1438 is divided by 11?
8
What is the remainder when 52 is divided by 18?
16
What is the remainder when 5279 is divided by 96?
95
Calculate the remainder when 541 is divided by 10.
1
What is the remainder when 1129 is divided by 1032?
97
Calculate the remainder when 69 is divided by 15.
9
What is the remainder when 338 is divided by 88?
74
What is the remainder when 10329 is divided by 246?
243
What is the remainder when 1441 is divided by 283?
26
What is the remainder when 34 is divided by 5?
4
Calculate the remainder when 33419 is divided by 12.
11
Calculate the remainder when 6885 is divided by 42.
39
What is the remainder when 103 is divided by 26?
25
What is the remainder when 53 is divided by 9?
8
What is the remainder when 326 is divided by 135?
56
What is the remainder when 637 is divided by 10?
7
Calculate the remainder when 181 is divided by 63.
55
Calculate the remainder when 94 is divided by 8.
6
What is the remainder when 2116 is divided by 21?
16
Calculate the remainder when 215 is divided by 146.
69
Calculate the remainder when 414 is divided by 193.
28
What is the remainder when 21022 is divided by 292?
290
What is the remainder when 1170 is divided by 239?
214
What is the remainder when 7681 is divided by 2560?
1
What is the remainder when 335 is divided by 68?
63
What is the remainder when 437 is divided by 180?
77
What is the remainder when 116 is divided by 107?
9
What is the remainder when 77 is divided by 9?
5
Calculate the remainder when 1010 is divided by 100.
10
Calculate the remainder when 1791 is divided by 13.
10
What is the remainder when 1657 is divided by 501?
154
Calculate the remainder when 1214 is divided by 5.
4
What is the remainder when 284 is divided by 9?
5
What is the remainder when 434 is divided by 73?
69
What is the remainder when 1249 is divided by 19?
14
What is the remainder when 254 is divided by 63?
2
Calculate the remainder when 421 is divided by 8.
5
What is the remainder when 99 is divided by 20?
19
What is the remainder when 909 is divided by 16?
13
What is the remainder when 130 is divided by 127?
3
Calculate the remainder when 1020 is divided by 35.
5
Calculate the remainder when 402 is divided by 45.
42
Calculate the remainder when 462 is divided by 457.
5
Calculate the remainder when 1847 is divided by 610.
17
Calculate the remainder when 339 is divided by 29.
20
Calculate the remainder when 2110 is divided by 28.
10
What is the remainder when 969 is divided by 41?
26
What is the remainder when 150 is divided by 56?
38
Calculate the remainder when 405 is divided by 100.
5
Calculate the remainder when 165 is divided by 84.
81
What is the remainder when 7136 is divided by 13?
12
What is the remainder when 34 is divided by 7?
6
What is the remainder when 798 is divided by 407?
391
What is the remainder when 2351 is divided by 49?
48
What is the remainder when 3 is divided by 2?
1
What is the remainder when 566 is divided by 43?
7
Calculate the remainder when 106 is divided by 12.
10
What is the remainder when 1593 is divided by 34?
29
What is the remainder when 424 is divided by 87?
76
What is the remainder when 2024 is divided by 567?
323
What is the remainder when 263 is divided by 40?
23
What is the remainder when 822 is divided by 55?
52
Calculate the remainder when 788 is divided by 258.
14
What is the remainder when 846 is divided by 173?
154
Calculate the remainder when 3327 is divided by 12.
3
Calculate the remainder when 102 is divided by 32.
6
Calculate the remainder when 144 is divided by 32.
16
Calculate the remainder when 5173 is divided by 31.
27
What is the remainder when 219 is divided by 37?
34
What is the remainder when 3887 is divided by 555?
2
What is the remainder when 81 is divided by 14?
11
Calculate the remainder when 304 is divided by 34.
32
Calculate the remainder when 593 is divided by 157.
122
Calculate the remainder when 1255 is divided by 319.
298
What is the remainder when 5347 is divided by 63?
55
Calculate the remainder when 2196 is divided by 549.
0
What is the remainder when 131 is divided by 131?
0
What is the remainder when 115 is divided by 58?
57
Calculate the remainder when 671 is divided by 329.
13
Calculate the remainder when 12007 is divided by 28.
23
Calculate the remainder when 13997 is divided by 3498.
5
What is the remainder when 194 is divided by 174?
20
What is the remainder when 2612 is divided by 67?
66
What is the remainder when 63 is divided by 19?
6
What is the remainder when 1532 is divided by 76?
12
Calculate the remainder when 785 is divided by 173.
93
What is the remainder when 828 is divided by 26?
22
Calculate the remainder when 2745 is divided by 686.
1
What is the remainder when 778 is divided by 758?
20
What is the remainder when 1480 is divided by 493?
1
What is the remainder when 6004 is divided by 77?
75
Calculate the remainder when 462 is divided by 79.
67
What is the remainder when 75 is divided by 29?
17
What is the remainder when 12034 is divided by 34?
32
Calculate the remainder when 3593 is divided by 30.
23
Calculate the remainder when 333 is divided by 308.
25
What is the remainder when 78 is divided by 1?
0
What is the remainder when 1263 is divided by 22?
9
Calculate the remainder when 417 is divided by 21.
18
What is the remainder when 947 is divided by 73?
71
What is the remainder when 170 is divided by 58?
54
Calculate the remainder when 2603 is divided by 14.
13
What is the remainder when 3007 is divided by 64?
63
What is the remainder when 116 is divided by 31?
23
Calculate the remainder when 194 is divided by 22.
18
What is the remainder when 503 is divided by 97?
18
Calculate the remainder when 293 is divided by 97.
2
Calculate the remainder when 36209 is divided by 34.
33
Calculate the remainder when 456 is divided by 55.
16
Calculate the remainder when 363 is divided by 31.
22
Calculate the remainder when 163 is divided by 32.
3
What is the remainder when 534 is divided by 248?
38
What is the remainder when 1058 is divided by 1?
0
What is the remainder when 183 is divided by 11?
7
Calculate the remainder when 393 is divided by 77.
8
Calculate the remainder when 502 is divided by 55.
7
Calculate the remainder when 98 is divided by 8.
2
What is the remainder when 146 is divided by 70?
6
What is the remainder when 423 is divided by 107?
102
Calculate the remainder when 1215 is divided by 72.
63
Calculate the remainder when 1574 is divided by 341.
210
Calculate the remainder when 104 is divided by 44.
16
What is the remainder when 16460 is divided by 101?
98
Calculate the remainder when 870 is divided by 260.
90
Calculate the remainder when 916 is divided by 95.
61
Calculate the remainder when 3101 is divided by 16.
13
What is the remainder when 95 is divided by 50?
45
Calculate the remainder when 208 is divided by 180.
28
What is the remainder when 7650 is divided by 86?
82
Calculate the remainder when 131 is divided by 39.
14
Calculate the remainder when 922 is divided by 306.
4
What is the remainder when 1818 is divided by 571?
105
What is the remainder when 4 is divided by 4?
0
Calculate the remainder when 4000 is divided by 87.
85
What is the remainder when 161 is divided by 18?
17
Calculate the remainder when 6070 is divided by 46.
44
Calculate the remainder when 99 is divided by 40.
19
What is the remainder when 3997 is divided by 46?
41
What is the remainder when 1033 is divided by 336?
25
Calculate the remainder when 6531 is divided by 23.
22
What is the remainder when 379 is divided by 119?
22
What is the